 factors of 659.
659
List the prime factors of 4733.
4733
List the prime factors of 589.
19, 31
List the prime factors of 4974.
2, 3, 829
What are the prime factors of 4287?
3, 1429
What are the prime factors of 75935?
5, 15187
List the prime factors of 747.
3, 83
List the prime factors of 8156.
2, 2039
List the prime factors of 12377.
12377
List the prime factors of 134.
2, 67
List the prime factors of 164718.
2, 3, 9151
List the prime factors of 1332.
2, 3, 37
List the prime factors of 19874.
2, 19, 523
List the prime factors of 154703.
67, 2309
List the prime factors of 891.
3, 11
List the prime factors of 3543.
3, 1181
What are the prime factors of 84298?
2, 113, 373
List the prime factors of 358.
2, 179
What are the prime factors of 1598?
2, 17, 47
What are the prime factors of 2288?
2, 11, 13
List the prime factors of 668.
2, 167
List the prime factors of 6796.
2, 1699
List the prime factors of 409.
409
List the prime factors of 5190.
2, 3, 5, 173
List the prime factors of 160947.
3, 1987
List the prime factors of 315.
3, 5, 7
List the prime factors of 1657.
1657
What are the prime factors of 123?
3, 41
List the prime factors of 2377.
2377
List the prime factors of 348.
2, 3, 29
What are the prime factors of 2827?
11, 257
List the prime factors of 694.
2, 347
List the prime factors of 874.
2, 19, 23
List the prime factors of 5966.
2, 19, 157
What are the prime factors of 6708?
2, 3, 13, 43
List the prime factors of 18711.
3, 7, 11
List the prime factors of 7604.
2, 1901
List the prime factors of 8314.
2, 4157
List the prime factors of 135.
3, 5
List the prime factors of 30422.
2, 7, 41, 53
List the prime factors of 56878.
2, 28439
What are the prime factors of 3446?
2, 1723
What are the prime factors of 6859?
19
What are the prime factors of 2979?
3, 331
List the prime factors of 680.
2, 5, 17
What are the prime factors of 83899?
53, 1583
What are the prime factors of 13239?
3, 1471
What are the prime factors of 57222?
2, 3, 11, 17
List the prime factors of 7738.
2, 53, 73
What are the prime factors of 58671?
3, 41, 53
What are the prime factors of 7004?
2, 17, 103
What are the prime factors of 5052?
2, 3, 421
List the prime factors of 73738.
2, 7, 23, 229
What are the prime factors of 9611?
7, 1373
What are the prime factors of 22838?
2, 19, 601
What are the prime factors of 17040?
2, 3, 5, 71
What are the prime factors of 30940?
2, 5, 7, 13, 17
List the prime factors of 40777.
11, 337
What are the prime factors of 2946?
2, 3, 491
List the prime factors of 2719.
2719
What are the prime factors of 49326?
2, 3, 8221
What are the prime factors of 1367?
1367
List the prime factors of 1016.
2, 127
What are the prime factors of 1057?
7, 151
List the prime factors of 3741.
3, 29, 43
List the prime factors of 7228.
2, 13, 139
What are the prime factors of 9078?
2, 3, 17, 89
List the prime factors of 2063.
2063
What are the prime factors of 50001?
3, 7, 2381
What are the prime factors of 3637?
3637
List the prime factors of 4202.
2, 11, 191
List the prime factors of 114398.
2, 47, 1217
List the prime factors of 32089.
32089
What are the prime factors of 13298?
2, 61, 109
What are the prime factors of 83982?
2, 3, 13997
What are the prime factors of 2752?
2, 43
What are the prime factors of 11751?
3, 3917
List the prime factors of 413.
7, 59
What are the prime factors of 4122?
2, 3, 229
List the prime factors of 1354.
2, 677
List the prime factors of 5490.
2, 3, 5, 61
List the prime factors of 1510.
2, 5, 151
What are the prime factors of 290?
2, 5, 29
What are the prime factors of 39965?
5, 7993
List the prime factors of 22515.
3, 5, 19, 79
List the prime factors of 20949.
3, 6983
What are the prime factors of 40352?
2, 13, 97
What are the prime factors of 7356?
2, 3, 613
What are the prime factors of 6770?
2, 5, 677
What are the prime factors of 6288?
2, 3, 131
List the prime factors of 4401.
3, 163
What are the prime factors of 23548?
2, 7, 29
What are the prime factors of 513?
3, 19
What are the prime factors of 156?
2, 3, 13
List the prime factors of 1775.
5, 71
List the prime factors of 4375.
5, 7
List the prime factors of 4556.
2, 17, 67
List the prime factors of 4292.
2, 29, 37
List the prime factors of 24261.
3, 8087
List the prime factors of 2806.
2, 23, 61
What are the prime factors of 721?
7, 103
List the prime factors of 866.
2, 433
What are the prime factors of 50?
2, 5
What are the prime factors of 4600?
2, 5, 23
What are the prime factors of 30167?
97, 311
List the prime factors of 1798.
2, 29, 31
What are the prime factors of 30471?
3, 7, 1451
What are the prime factors of 11079?
3, 1231
List the prime factors of 960.
2, 3, 5
What are the prime factors of 617?
617
What are the prime factors of 65262?
2, 3, 73, 149
What are the prime factors of 4122?
2, 3, 229
List the prime factors of 56738.
2, 11, 2579
List the prime factors of 28652.
2, 13, 19, 29
What are the prime factors of 3158?
2, 1579
What are the prime factors of 3903?
3, 1301
What are the prime factors of 7279?
29, 251
List the prime factors of 57692.
2, 14423
List the prime factors of 4839.
3, 1613
List the prime factors of 12631.
17, 743
What are the prime factors of 62612?
2, 11, 1423
List the prime factors of 4623.
3, 23, 67
List the prime factors of 756.
2, 3, 7
List the prime factors of 4226.
2, 2113
What are the prime factors of 73761?
3, 23, 1069
List the prime factors of 6908.
2, 11, 157
List the prime factors of 345.
3, 5, 23
What are the prime factors of 1796?
2, 449
What are the prime factors of 41456?
2, 2591
What are the prime factors of 3553?
11, 17, 19
List the prime factors of 144862.
2, 72431
List the prime factors of 4043.
13, 311
What are the prime factors of 27500?
2, 5, 11
What are the prime factors of 764?
2, 191
What are the prime factors of 89201?
7, 12743
List the prime factors of 1393.
7, 199
List the prime factors of 7085.
5, 13, 109
List the prime factors of 2258.
2, 1129
List the prime factors of 10496.
2, 41
What are the prime factors of 16648?
2, 2081
List the prime factors of 35665.
5, 7, 1019
What are the prime factors of 1175?
5, 47
List the prime factors of 1092.
2, 3, 7, 13
List the prime factors of 497.
7, 71
What are the prime factors of 23276?
2, 11, 23
What are the prime factors of 16787?
16787
What are the prime factors of 18442?
2, 9221
What are the prime factors of 24963?
3, 53, 157
List the prime factors of 2984.
2, 373
What are the prime factors of 11911?
43, 277
List the prime factors of 24.
2, 3
What are the prime factors of 104035?
5, 20807
List the prime factors of 9986.
2, 4993
List the prime factors of 8032.
2, 251
What are the prime factors of 2022?
2, 3, 337
What are the prime factors of 4641?
3, 7, 13, 17
List the prime factors of 982.
2, 491
List the prime factors of 449.
449
List the prime factors of 1598.
2, 17, 47
What are the prime factors of 22086?
2, 3, 409
List the prime factors of 167.
167
List the prime factors of 2643.
3, 881
List the prime factors of 295.
5, 59
List the prime factors of 752.
2, 47
List the prime factors of 2104.
2, 263
List the prime factors of 8378.
2, 59, 71
List the prime factors of 85061.
85061
List the prime factors of 339.
3, 113
What are the prime factors of 717?
3, 239
What are the prime factors of 8654?
2, 4327
List the prime factors of 6905.
5, 1381
What are the prime factors of 31771?
31771
What are the prime factors of 2673?
3, 11
What are the prime factors of 302?
2, 151
List the prime factors of 14857.
83, 179
What are the prime factors of 4592?
2, 7, 41
List the prime factors of 920.
2, 5, 23
What are the prime factors of 18425?
5, 11, 67
List the prime factors of 2290.
2, 5, 229
What are the prime factors of 2503?
2503
What are the prime factors of 4337?
4337
List the prime factors of 28984.
2, 3623
List the prime factors of 49382.
2, 24691
What are the prime factors of 16728?
2, 3, 17, 41
What are the prime factors of 200370?
2, 3, 5, 6679
List the prime factors of 15960.
2, 3, 5, 7, 19
List the prime factors of 11761.
19, 619
What are the prime factors of 37085?
5, 7417
What are the prime factors of 18295?
5, 3659
List the prime factors of 23789.
23789
List the prime factors of 317.
317
List the prime factors of 776.
2, 97
What are the prime factors of 122542?
2, 7